702.
702
Calculate the greatest common factor of 1 and 33967.
1
Calculate the greatest common factor of 190527 and 123.
123
Calculate the highest common factor of 156 and 3372.
12
What is the greatest common divisor of 11 and 130933?
11
Calculate the greatest common divisor of 4887939 and 1806.
903
What is the highest common factor of 451867 and 65?
13
What is the greatest common factor of 1634768 and 112?
16
What is the highest common divisor of 156 and 3364?
4
What is the greatest common divisor of 323 and 38233?
17
Calculate the highest common divisor of 560 and 1008.
112
Calculate the highest common factor of 136 and 4216.
136
Calculate the greatest common divisor of 412049 and 3619.
517
What is the highest common factor of 3379929 and 591?
591
What is the highest common factor of 2852 and 1932?
92
Calculate the greatest common factor of 88283 and 26.
13
What is the greatest common divisor of 135 and 269595?
135
Calculate the highest common factor of 256 and 414016.
64
Calculate the highest common factor of 746 and 334954.
746
Calculate the greatest common factor of 16397 and 171.
19
What is the greatest common divisor of 11555 and 4?
1
What is the greatest common factor of 1961 and 5365?
37
What is the greatest common divisor of 194656 and 448?
224
Calculate the highest common divisor of 609 and 876699.
87
Calculate the highest common factor of 1539 and 11259.
81
What is the highest common factor of 13480 and 5?
5
Calculate the greatest common factor of 884 and 76687.
221
What is the greatest common divisor of 4852 and 1658171?
1213
Calculate the highest common divisor of 1347187 and 79.
79
Calculate the greatest common divisor of 39210 and 12.
6
What is the highest common factor of 35648 and 192?
64
What is the greatest common factor of 124 and 2415892?
124
Calculate the highest common divisor of 12 and 253875.
3
What is the greatest common factor of 99955 and 15?
5
Calculate the greatest common factor of 1670 and 56446.
334
What is the highest common divisor of 1260 and 27468?
252
Calculate the highest common divisor of 456664 and 52.
52
Calculate the greatest common divisor of 6109 and 12367.
149
Calculate the highest common factor of 21151 and 39.
13
Calculate the highest common divisor of 7776 and 4617.
243
What is the greatest common divisor of 368793 and 45?
9
Calculate the greatest common factor of 24 and 1456.
8
What is the greatest common divisor of 3 and 25136?
1
What is the greatest common divisor of 116 and 1588?
4
Calculate the greatest common divisor of 7108079 and 11.
11
Calculate the greatest common divisor of 72790 and 7830.
290
Calculate the highest common factor of 149609 and 1958.
89
Calculate the highest common factor of 11259505 and 5.
5
Calculate the highest common factor of 5699370 and 60.
30
What is the highest common divisor of 6291 and 297?
27
Calculate the greatest common divisor of 54 and 4038.
6
Calculate the greatest common factor of 68 and 274142.
34
What is the greatest common divisor of 144978 and 730?
146
Calculate the greatest common factor of 10549 and 616.
77
Calculate the greatest common factor of 70371 and 252.
63
Calculate the greatest common divisor of 1430 and 767.
13
Calculate the greatest common factor of 5751 and 197238.
213
What is the highest common divisor of 1170260 and 728?
364
What is the highest common factor of 11498565 and 65?
65
Calculate the greatest common factor of 66 and 3696858.
66
Calculate the highest common divisor of 2676 and 1007960.
892
Calculate the highest common factor of 154 and 135938.
22
Calculate the greatest common factor of 43639 and 1694220.
2567
What is the highest common divisor of 136643 and 598?
299
What is the greatest common divisor of 11 and 706508?
11
Calculate the greatest common divisor of 946 and 1891054.
946
Calculate the greatest common factor of 690 and 7815.
15
What is the highest common divisor of 28479 and 231?
33
What is the greatest common factor of 4014 and 17082?
18
Calculate the greatest common factor of 340 and 180.
20
Calculate the highest common factor of 83 and 341213.
83
What is the greatest common factor of 11026 and 4768?
298
What is the greatest common divisor of 39337 and 13867?
283
What is the highest common factor of 43168 and 19?
19
What is the greatest common divisor of 4802 and 8?
2
Calculate the greatest common divisor of 4612 and 1534643.
1153
What is the highest common factor of 3649633 and 2067?
689
Calculate the greatest common divisor of 12126 and 59079.
141
What is the highest common factor of 299 and 391?
23
What is the highest common divisor of 5453 and 334096?
133
What is the greatest common factor of 399254 and 178?
178
Calculate the greatest common divisor of 1052 and 1566428.
1052
Calculate the greatest common divisor of 1665 and 270.
45
What is the greatest common factor of 17 and 192406?
17
Calculate the greatest common divisor of 77520 and 24.
24
What is the greatest common divisor of 82 and 7791722?
82
What is the highest common factor of 11 and 11425997?
11
Calculate the greatest common factor of 345 and 6015.
15
What is the highest common divisor of 143016 and 636?
12
Calculate the greatest common divisor of 26381 and 238576.
1147
Calculate the greatest common divisor of 94 and 244823.
47
What is the highest common divisor of 56 and 1162?
14
Calculate the greatest common divisor of 549 and 3963231.
549
Calculate the greatest common factor of 1178166 and 99.
33
Calculate the highest common divisor of 162 and 21366.
18
Calculate the greatest common divisor of 34 and 1584.
2
Calculate the greatest common divisor of 26 and 32695.
13
What is the greatest common factor of 101120 and 64?
64
Calculate the greatest common factor of 385 and 100030.
35
What is the greatest common divisor of 493476 and 68?
68
What is the highest common factor of 674 and 2051993?
337
Calculate the highest common factor of 103513 and 17.
17
Calculate the greatest common factor of 704 and 34224.
16
What is the greatest common divisor of 178157 and 1085?
217
Calculate the greatest common factor of 22 and 5604016.
22
What is the highest common divisor of 4494 and 7332?
6
Calculate the highest common divisor of 16195 and 316.
79
What is the highest common divisor of 793 and 5856?
61
Calculate the greatest common factor of 3330 and 18130.
370
What is the highest common factor of 28 and 272314?
14
Calculate the highest common factor of 26475 and 105.
15
What is the greatest common divisor of 378664 and 26?
26
Calculate the greatest common divisor of 2485 and 1047179.
497
What is the highest common divisor of 33960 and 7080?
120
Calculate the highest common factor of 6400 and 4600.
200
What is the greatest common factor of 3395 and 145306?
679
Calculate the greatest common factor of 9185 and 20966.
11
What is the highest common divisor of 4256 and 48?
16
Calculate the greatest common factor of 88877 and 183.
61
What is the highest common divisor of 394 and 3028678?
394
Calculate the highest common factor of 3160 and 80264.
632
What is the highest common divisor of 14172 and 1266?
6
Calculate the greatest common factor of 10292 and 155248.
124
Calculate the greatest common divisor of 116844 and 70.
14
What is the greatest common factor of 65 and 260?
65
Calculate the greatest common factor of 3976 and 357.
7
What is the greatest common factor of 2 and 10781?
1
What is the greatest common factor of 2520 and 9?
9
Calculate the greatest common factor of 72 and 892116.
36
Calculate the highest common factor of 3430 and 2030.
70
What is the greatest common factor of 270350 and 60?
10
What is the highest common factor of 9265 and 425?
85
What is the greatest common factor of 71469 and 567?
27
Calculate the greatest common divisor of 27 and 27207.
9
What is the greatest common divisor of 132 and 152460?
132
Calculate the highest common divisor of 442 and 544.
34
What is the greatest common divisor of 620 and 18220?
20
What is the highest common divisor of 7300 and 1000?
100
Calculate the greatest common divisor of 12264 and 141912.
1752
Calculate the greatest common divisor of 56 and 137508.
28
Calculate the greatest common divisor of 51 and 11203.
17
What is the highest common divisor of 82853 and 116?
29
What is the highest common divisor of 10 a